
953
What is the highest common factor of 25724 and 11092?
236
Calculate the greatest common factor of 39 and 8058206.
13
Calculate the highest common factor of 15235688 and 221.
13
Calculate the highest common divisor of 24 and 41000424.
24
What is the highest common divisor of 42194 and 63103609?
1241
What is the highest common divisor of 504795 and 48052335?
6915
What is the greatest common divisor of 34042 and 38818?
2
Calculate the highest common factor of 313703273 and 1313.
1313
What is the greatest common factor of 1714662 and 2943?
27
Calculate the greatest common factor of 11434537 and 933.
311
What is the greatest common divisor of 660 and 8899935?
165
Calculate the highest common factor of 59699304 and 39060.
7812
What is the highest common divisor of 512 and 998464?
64
What is the highest common factor of 261865 and 46480?
415
Calculate the greatest common factor of 44457 and 33069.
219
Calculate the greatest common factor of 44 and 1712105538.
22
Calculate the highest common factor of 708534 and 3180.
6
Calculate the greatest common factor of 31319930 and 628.
314
Calculate the highest common divisor of 64723 and 55873.
59
What is the greatest common divisor of 61098 and 3481987?
599
What is the highest common divisor of 117 and 4042051?
13
Calculate the greatest common divisor of 1107 and 566437509.
1107
Calculate the greatest common factor of 742 and 81754514.
106
What is the highest common factor of 565955 and 12298?
13
Calculate the highest common divisor of 13995 and 606105.
45
Calculate the greatest common divisor of 219 and 131473.
73
Calculate the greatest common divisor of 110147 and 920.
23
What is the greatest common divisor of 33537 and 189?
21
What is the greatest common factor of 1115132 and 4991?
713
Calculate the highest common factor of 1258275 and 1615.
95
What is the greatest common divisor of 5906 and 410700287?
2953
Calculate the greatest common divisor of 4038228 and 1390.
278
What is the highest common factor of 8334882 and 45?
9
What is the highest common divisor of 4360096 and 6016?
1504
What is the highest common divisor of 225 and 31900175?
25
What is the highest common factor of 2324 and 20913676?
2324
What is the greatest common factor of 1020 and 204917660?
340
Calculate the highest common divisor of 546595 and 204379.
4753
Calculate the highest common divisor of 37188 and 1676559.
3099
Calculate the highest common divisor of 291089472 and 56028.
8004
What is the highest common factor of 10686 and 1655914?
26
What is the highest common factor of 10 and 4149610?
10
What is the highest common factor of 243879115 and 20?
5
What is the greatest common divisor of 2312 and 1109216?
136
What is the highest common divisor of 17524 and 569816?
52
What is the greatest common divisor of 60 and 55883952?
12
What is the greatest common factor of 23976 and 1537128?
2664
Calculate the highest common divisor of 1664 and 166.
2
Calculate the highest common divisor of 17 and 221811682.
17
What is the greatest common divisor of 623 and 172417?
7
Calculate the greatest common divisor of 2772 and 6595722.
126
What is the highest common divisor of 86 and 5075176?
2
What is the highest common divisor of 11362 and 4379453?
299
Calculate the greatest common factor of 78954503 and 2488.
311
Calculate the highest common factor of 29480 and 47643365.
3685
What is the greatest common divisor of 367221 and 395343?
327
What is the highest common divisor of 2422401 and 58734?
753
What is the greatest common factor of 93425936 and 227?
227
Calculate the highest common factor of 668941352 and 74.
74
Calculate the greatest common factor of 48396 and 272172.
444
What is the greatest common divisor of 5516 and 89374369?
1379
What is the highest common divisor of 371 and 2791139?
53
Calculate the greatest common divisor of 162975 and 953045.
205
Calculate the highest common factor of 95 and 2781733.
19
Calculate the greatest common factor of 1952 and 14388680.
488
What is the highest common divisor of 8210997 and 303?
303
What is the highest common factor of 9744240 and 40095?
165
What is the greatest common divisor of 26942 and 82244?
1418
Calculate the highest common factor of 387 and 25344.
9
Calculate the greatest common factor of 111267 and 16939.
13
Calculate the greatest common divisor of 1716 and 3175986.
66
Calculate the greatest common divisor of 64875433 and 34615.
6923
What is the greatest common divisor of 249 and 25573545?
249
Calculate the highest common divisor of 1716 and 266910228.
156
What is the highest common divisor of 435952 and 4906?
22
Calculate the greatest common factor of 542 and 15661632.
542
Calculate the highest common factor of 23205 and 2067.
39
Calculate the highest common factor of 30870 and 200214.
882
What is the greatest common factor of 61 and 5861?
1
What is the highest common factor of 61 and 454659047?
61
Calculate the highest common factor of 8213019 and 29.
1
What is the highest common divisor of 8384 and 135454?
262
What is the greatest common factor of 225747873 and 988?
247
What is the highest common divisor of 356470 and 8815?
215
What is the highest common factor of 3195 and 203197385?
355
What is the highest common factor of 767205904 and 21768?
7256
Calculate the highest common factor of 345481344 and 43792.
6256
What is the greatest common factor of 118885094 and 2036?
1018
Calculate the highest common factor of 845312 and 2688.
128
What is the highest common divisor of 1159580 and 15?
5
Calculate the highest common factor of 1311461 and 170377.
491
Calculate the highest common divisor of 9523530 and 4.
2
Calculate the highest common divisor of 180 and 45129732.
12
What is the greatest common divisor of 2806705 and 1375?
55
Calculate the greatest common divisor of 18488278 and 3274.
3274
Calculate the greatest common divisor of 4878 and 198519966.
4878
Calculate the highest common divisor of 29593944 and 1064.
152
What is the greatest common divisor of 62615540 and 40?
20
What is the greatest common factor of 390811997 and 6205?
1241
What is the greatest common divisor of 73268 and 947076?
52
Calculate the greatest common factor of 1248 and 167604.
12
Calculate the greatest common factor of 57490660 and 180.
20
Calculate the greatest common factor of 60 and 298589550.
30
What is the highest common factor of 442 and 10932298?
26
Calculate the highest common factor of 21347 and 10145.
1
What is the greatest common factor of 840 and 69873600?
120
What is the greatest common divisor of 23 and 514982213?
23
What is the highest common factor of 13536 and 2324?
4
Calculate the highest common divisor of 167328 and 6818.
14
What is the greatest common divisor of 308 and 9799724?
44
What is the highest common factor of 1157 and 6882103?
89
Calculate the greatest common divisor of 1508115 and 76055.
1855
Calculate the highest common factor of 994291 and 1763.
41
Calculate the greatest common factor of 124454 and 35398.
22
What is the highest common factor of 580 and 493957?
29
What is the greatest common factor of 39538057 and 1074?
179
Calculate the greatest common factor of 324676 and 317062.
94
What is the greatest common factor of 1874385 and 10890?
45
Calculate the greatest common divisor of 380545704 and 913.
913
What is the highest common factor of 17264 and 308527102?
2158
Calculate the highest common divisor of 150 and 1281738.
6
Calculate the greatest common factor of 384676 and 6256.
68
What is the highest common factor of 6 and 46961481?
3
Calculate the greatest common factor of 141243311 and 11.
11
Calculate the highest common factor of 5120 and 7314880.
320
What is the highest common divisor of 215542 and 74?
2
What is the highest common divisor of 20052 and 129780?
36
Calculate the highest common divisor of 3800571 and 13770.
51
What is the highest common divisor of 7392 and 9563224?
88
Calculate the greatest common divisor of 860 and 4928531.
43
Calculate the greatest common divisor of 353970 and 327750.
13110
What is the greatest common factor of 1848 and 1781736?
264
Calculate the highest common factor of 105 and 9159850.
35
Calculate the greatest common divisor of 204 and 12668196.
204
What is the highest common factor of 153 and 72877356?
9
What is the greatest common fact